1)?
3, 5
Suppose 0*y + 784 = 4*y. Let k = 274 - y. What are the prime factors of k?
2, 3, 13
Suppose 0 = -3*s + 2481 - 732. List the prime factors of s.
11, 53
Suppose 19*m + 28272 = 67*m. List the prime factors of m.
19, 31
Suppose 4*r + 3*y - 6133 = 0, 8*r - 3*r - 2*y = 7649. List the prime factors of r.
1531
Suppose 1452 = 4*g - 2*m, g - 2*m - 363 = -m. List the prime factors of g.
3, 11
Let f(s) be the second derivative of -s**5/10 - 3*s**2/2 + 45*s. Let a be 1/3 + 7/(-3). What are the prime factors of f(a)?
13
Suppose 0 = 7*t - 551 - 9529. Suppose -19*h = -4*h - t. List the prime factors of h.
2, 3
Let v be (-9)/6 - 0 - (-6)/4. Suppose 2*w - a - 130 = v, a - 69 - 116 = -3*w. List the prime factors of w.
3, 7
Let i(z) = 4*z**2 + 222*z - 137. List the prime factors of i(-65).
2333
Suppose -n - 19 = -5*a - 2*n, -5*a - 5*n = -15. Suppose -a*x = -5*l - 280, -320 = -5*x + x - 5*l. List the prime factors of x.
3, 5
Suppose -4*s + 3*x = 1, -3*s - 5*x - 7 = -s. Let c be -14 + 18 + 8*s. Let j(w) = -w**3 - 3*w**2 - 2*w. What are the prime factors of j(c)?
2, 3
Let i be ((-3268)/(-14))/(-2) + (-8)/28. Let t = i + 277. List the prime factors of t.
2, 5
Let s(j) = 2*j + 21. Let y be ((-1)/(-2 - -1))/((-12)/(-276)). What are the prime factors of s(y)?
67
Let u(y) = y - 1. Let z be u(5). Let t be (z/6)/(12/2754). Let i = t - 98. What are the prime factors of i?
5, 11
Suppose -n - n = 2. List the prime factors of (-208 + -11)*(4/(-3) - n).
73
Suppose 0*o - 2*o + 23 = 3*d, -o + 4 = 0. Suppose 0 = -d*c - 0*c + 300. What are the prime factors of c?
2, 3, 5
Let a(r) = r**3 + 4*r**2 + r - 3. Let m be a(-3). Let u be (-2)/(m/6*-1). Suppose -5*w = -5*x + 118 - 18, 77 = u*x - 5*w. List the prime factors of x.
23
Let y(g) = 33*g + 102. List the prime factors of y(35).
3, 419
Suppose 6*g - 40 = 2*g. Let l = g + -3. Suppose 3*q - 2*c - 12 = 0, -2*c + l - 1 = 0. What are the prime factors of q?
2, 3
Let c = 7473 + -5188. What are the prime factors of c?
5, 457
Suppose -u + 0*u + 10 = 0. What are the prime factors of (-172)/(0 - u/5)?
2, 43
Suppose 39 = -3*b - 24. Let s = b - -28. What are the prime factors of s?
7
Let l = 20 - 157. Let u = l - -199. List the prime factors of u.
2, 31
Suppose -4*m - 18 = -0*n - n, -10 = 3*n + 4*m. Suppose -n*q + 77 = -1. Suppose 2*r - 3*r = -q. List the prime factors of r.
3, 13
Let c(a) = -144*a - 18. What are the prime factors of c(-8)?
2, 3, 7
Let s be -4 - ((-5)/5 - 7). Suppose 0 = 2*y + s*a - 566, 4*y - 2*a + 837 = 7*y. List the prime factors of y.
277
Suppose -14 = 15*g + 46. What are the prime factors of 18 - (g/6)/(8/(-36))?
3, 5
Suppose -21*m + 55132 = m. What are the prime factors of m?
2, 7, 179
Let q(z) = -3*z**3 - 4*z**2 + 4*z + 13. Let l be (-79)/6 + 8 + 1/6. What are the prime factors of q(l)?
2, 67
Let w = -7 + 9. Let r = 2 - w. Let i(l) = l + 15. What are the prime factors of i(r)?
3, 5
Let z = -43 - -46. Let l(v) = -v**2 - v + 3. Let q be l(0). Suppose -2*d + z*w = q*d - 122, -d + 14 = 2*w. What are the prime factors of d?
2, 11
Let f = 35 - -52. Suppose h - 12 = 4*z + f, h + 4*z - 99 = 0. What are the prime factors of h?
3, 11
What are the prime factors of -3*(-33236)/48 + 4/(-16)?
31, 67
Suppose 5*t + 60 = -5*h, 2*h + 39 = -5*t - 36. Let r(u) = u**2 + 12*u - 20. Let o be r(t). What are the prime factors of o - 2/8*4?
2
Suppose 0 = -3*l + 5*g - 80, -l - 4*g - 26 = -5. List the prime factors of (-6)/(-30) + (-4720)/l.
3, 7
Let z(r) = r**3 - 5*r**2 + 6. Let g be z(5). Let w = g - 2. Suppose 0 = 3*j - 3*n - 42, 0*n + n - w = -j. What are the prime factors of j?
3
What are the prime factors of (-12)/66 + 5227/11?
5, 19
Suppose 0 = 4*v - 5*s - 7, -5*v + 4 = -3*s - 21. Let h(z) = z**3 - 7*z**2 + z - 4. List the prime factors of h(v).
2, 17
Let i(y) = y**3 - 10*y**2 + 4*y - 26. Let q be -2 + -1 + 1 + 15 + -2. What are the prime factors of i(q)?
139
Let l be 9290/90 - (-4)/(-18). Suppose -l - 117 = -5*o + 5*j, 5*j = 3*o - 136. List the prime factors of o.
2, 3, 7
Let j(z) = -z - 6. Let p be j(-8). Suppose p = i - 3*t - 2, -i - 3*t - 8 = 0. Let m = i - -4. List the prime factors of m.
2
Let z = 1114 + 70. What are the prime factors of z?
2, 37
Let o(d) = 18*d**2 + 17 - 5*d - 31*d**2 + 14*d**2. What are the prime factors of o(6)?
23
Let g(y) = y**2 - 7*y + 6. Let c be g(6). Suppose c = 2*q - 73 + 15. List the prime factors of q.
29
Let z be (-1848)/(-13) - 18/117. Suppose -5*o + z = 632. Let s = 167 + o. List the prime factors of s.
3, 23
Suppose 29*j - 19312 = -6494. List the prime factors of j.
2, 13, 17
Suppose 3*f - 2*f - 31 = -3*v, -f + 4 = 0. Suppose -2*g - v = -13. Suppose 2*q - 19 = -k, g*k + q = 3*k - 16. List the prime factors of k.
17
Suppose -f = f + 30. Let d be (0 + f/4)*-24. Suppose 0*k - d = -3*k. List the prime factors of k.
2, 3, 5
Let c(f) be the third derivative of -f**5/60 + 17*f**4/24 - 11*f**3/3 + 2*f**2. Let a = -181 - -191. What are the prime factors of c(a)?
2, 3
Let i(b) be the first derivative of -b**3/3 - 5*b**2 + 16*b - 3. Let c be i(-11). Suppose 84 = c*t + 4*s, -5*t - 1 = -4*s - 77. List the prime factors of t.
2
Suppose z + 3*z - 4 = 0, 4*z = y - 6. Let s = -6 + y. What are the prime factors of s?
2
Let s be 0 + -1 + (-9)/((-18)/6). What are the prime factors of ((-7)/(-3) + s)*9/1?
3, 13
Let u(n) = -14*n - 13. Let r be u(14). Let g = r - -99. What are the prime factors of (-4)/(-12) + g/(-3)?
37
Suppose -3*k - 9 = j, 5*k = 3*j + 3*k + 71. List the prime factors of (-581)/j*((2 - -5) + 2).
3, 83
Let f be -1 + 10/1 + -5 + 2. Let n(l) = -l**3 + 9*l**2 - 16*l + 6. What are the prime factors of n(f)?
2, 3
Let z(f) = -2*f**3 - 22*f**2 + 2*f + 14. List the prime factors of z(-17).
2, 431
Let q(b) = b**3 - 5*b**2 + 2*b + 309. What are the prime factors of q(0)?
3, 103
Let k(m) = 3558*m**2 + 37*m + 36. What are the prime factors of k(-1)?
3557
Let i be (-2)/(8/30)*2. Suppose -77 = -2*j + 11. Let t = i + j. List the prime factors of t.
29
List the prime factors of 9 - (2 - 164 - 11).
2, 7, 13
List the prime factors of -17*(-8 + 7)*88.
2, 11, 17
Suppose -5*f = -0*f + 20. Let v(x) = -2*x**3 - 4*x**2 + 3*x - 3. What are the prime factors of v(f)?
7
Let r be (-80)/(-24) - -2*4/(-6). Suppose 5*h - 1292 = h + 5*u, 2*h = r*u + 648. List the prime factors of h.
2, 41
Let q(x) = -2*x**2 + 3*x + 6. Let i be q(4). Let u = 41 - i. What are the prime factors of u?
5, 11
Suppose w + 2374 = 3514. List the prime factors of w.
2, 3, 5, 19
Let q(g) = -4*g + 50*g**2 + 1 - 5*g + 11*g. List the prime factors of q(-1).
7
Let n be (-2 - -3)/(2/20). Suppose -8*f = -n*f + 256. List the prime factors of f.
2
Let d = 52 + -26. Suppose -p = -2*p + d. Let c = -16 + p. List the prime factors of c.
2, 5
Suppose 0 = -4*v + 4*t + 28, -2*t + 10 + 0 = 0. List the prime factors of (3*(-2)/v)/(2/(-340)).
5, 17
Let l be 2/11*-1 - (-930)/33. Suppose -o + 2*o - l = 0. List the prime factors of o.
2, 7
Let x = -181 + 493. What are the prime factors of x?
2, 3, 13
Let j(r) = -r**2 - 8*r - 6. Let u be j(-6). Let x be 27/(-6)*u/(-9). Suppose 24 = -x*z + 4*z. What are the prime factors of z?
2, 3
What are the prime factors of (-6)/90*5*(0 - 921)?
307
Suppose 2*c = 3*c + 7. Let j(h) = 2*h - 3. Let d(i) = 9*i - 16. Let z(s) = 2*d(s) - 11*j(s). What are the prime factors of z(c)?
29
Let y be -42 - 1*(0 - 0). Suppose -d + 4 + 60 = 0. Let v = y + d. List the prime factors of v.
2, 11
Let q = 33 - 41. List the prime factors of 10*q/(-20) - -185.
3, 7
Let q = 18 + -16. Suppose 4*a = 5*w + 21, q*a - 13 = 3*w + 2*w. Suppose 7*u - a*u = 15. What are the prime factors of u?
5
Suppose 425 = 5*c - 2*i + 3*i, -2*i = 4*c - 334. Suppose 13*k - 15*k + c = 0. Suppose 0 = 3*s - 2*v - k, 2 + 2 = v. List the prime factors of s.
17
Suppose -4*h + 2328 = -2*z - 608, -2202 = -3*h + 3*z. List the prime factors of h.
2, 367
Suppose -17*d + 20*d - 2378 = -2*t, 0 = 5*d + 10. List the prime factors of t.
2, 149
Suppose i - 4 = -0. Let b = -22 + 25. Suppose 3*l = 1 + 5, i*w - 78 = -b*l. List the prime factors of w.
2, 3
Let v be (-1995)/(-60) - 2/8. Let q = 42 - v. Let m(j) = -j**3 + 10*j**2 - 5*j - 12. List the prime factors of m(q).
2, 3
Suppose 31*o = 62148 - 489. What are the prime factors of o?
3, 13, 17
Suppose 0 = -17*b + 1316 + 350. List the prime factors of b.
2